pose 0 = 5*a - u - 74. List the prime factors of a.
67
Let g(b) = 12*b**2 - 5*b + 1. Let l be 1*(-2)/3 + 305/(-15). Let o be (-12)/14*98/l. What are the prime factors of g(o)?
173
Suppose 404*g + 181152 = 416*g. List the prime factors of g.
2, 3, 17, 37
Suppose -282*m = -320*m + 623542. List the prime factors of m.
61, 269
Let v(w) = 59*w - 2. Let u be v(7). Let q be -3*4/12*-5. Suppose -5*g + q*j + u + 4 = 0, -5*j = -g + 67. What are the prime factors of g?
3, 29
Let s be 1/5*-3 - 105710/275. Let k = s - -782. Suppose -5*v = -2*q - k, 3*q - 32 - 281 = -4*v. What are the prime factors of v?
79
Let l(g) = -2*g**2 - 44*g - 37. Let o(c) = -c**2 - 22*c - 18. Suppose 8*m + 70 + 18 = 0. Let k(a) = m*o(a) + 6*l(a). List the prime factors of k(-9).
3, 31
Suppose 14*j - 39 = j. Suppose 0 = -j*x + 1954 + 425. What are the prime factors of x?
13, 61
Let q = 403 - 219. What are the prime factors of (q/(-20))/(7/(-245))?
2, 7, 23
Suppose -d + 4*k = 12, -4*d + 1 + 6 = -5*k. Suppose 34*u - 37*u + 1809 = 0. Suppose -z = d*z - u. What are the prime factors of z?
67
Suppose -3*t = 6*x - 8*x - 96535, 0 = 4*t + 5*x - 128698. List the prime factors of t.
23, 1399
Let t(h) = -h**3 + 30*h**2 + 26*h + 26. Let a be t(29). Suppose 3*f - 1620 = -3*d, 0 = -3*f + d - 3*d + a. List the prime factors of f.
541
Suppose 33*w + 34*w = 63*w. Suppose 0*v - 5*v + 5*r + 7630 = 0, w = 2*v - r - 3055. List the prime factors of v.
11, 139
Let o(u) = -23*u**3 - 25*u**2 - 72*u - 67. What are the prime factors of o(-9)?
7, 11, 199
Suppose -8 = 2*v - 4*v. Let a be 4/((-4)/(-3))*43/(172/1020). Suppose v*x + a = 9*x. List the prime factors of x.
3, 17
Let o be 1 + -1 - (0 + -5). Suppose -o*p = -n - 84, 5*p - p = 3*n + 65. List the prime factors of 6/(6 - 3) + p.
19
Let t = 12321 - -38007. What are the prime factors of t?
2, 3, 233
Let v(j) = -3*j - 78. Let g be v(-26). Suppose 3*b - 7*b - d = -4816, -2*b + d + 2402 = g. What are the prime factors of b?
3, 401
What are the prime factors of (-183)/2*(-36990)/405?
61, 137
Let y = -17 - -38. Suppose 0 = 5*x - 4*b - 24 - 3, 3*x - 4*b = y. Suppose -5*w + 143 - 9 = 2*q, -78 = -x*w - 2*q. What are the prime factors of w?
2, 7
Suppose -j = -5*u - 9 - 0, 5*j - 3*u - 23 = 0. Suppose j*w + w = -5*p + 2615, 2600 = 5*p + 2*w. What are the prime factors of p?
2, 7, 37
Let d(y) = -3*y**2 + 32*y + 13. Let s be d(11). What are the prime factors of 483 - (3 - 8) - s?
2, 3
What are the prime factors of 7/((-63)/(-297021)) + ((-35)/15 - -2)?
2, 29, 569
Let o = -57448 - -87390. List the prime factors of o.
2, 11, 1361
Let a be (5/(-3))/((-10)/30). Suppose a*t + 2*z - 1868 = 1, -5*t + 4*z + 1887 = 0. Suppose 5*b - t = -2*n, 4*n - b - 345 = 2*n. What are the prime factors of n?
5, 7
Let x(r) = 15*r**3 - 222*r**2 + 66*r - 38. What are the prime factors of x(17)?
13, 19, 43
Let y(w) = 14*w - 8. Let x(f) = -f**3 + 9*f**2 + 8*f + 22. Let p be (-1)/(5/(-3)) + (-329)/(-35). Let t be x(p). What are the prime factors of y(t)?
2, 5
Let z(b) = 2*b**3 + 17*b**2 - 9*b - 6. Let w be z(-9). Let x(c) = 6*c**2 + 2*c - 44. What are the prime factors of x(w)?
2, 5
Let o(i) = 3*i**2 + 3*i - 2. Let b be o(-2). Suppose -b*t + 10 + 22 = 0. Suppose 3*x + 340 = t*x. What are the prime factors of x?
2, 17
Suppose -18*v + 8*v = -67110. What are the prime factors of v?
3, 2237
Suppose 18*g = -10*g - 68852. Let r = -1466 - g. List the prime factors of r.
3, 331
Let z = 47 + -23. Suppose -4*y + z = f, 0*f - f + 29 = 5*y. Suppose -99 = -y*k + 396. What are the prime factors of k?
3, 11
Let k(h) = -8*h + 16. Let a be k(9). Let i be (42/a)/((-2)/8). Suppose -y - 4*x + i + 14 = 0, -2*y - 5*x = -37. List the prime factors of y.
3, 7
Let i = -114 + 108. What are the prime factors of ((-4)/i)/((-42)/(-2961))?
47
Let a be 3 + 0 + 2/(-2). Suppose -b - b + 30 = -2*v, 2 = a*v. Suppose -5*l = -4*l - b. List the prime factors of l.
2
Let h = -9092 - -11457. List the prime factors of h.
5, 11, 43
List the prime factors of (-1)/((-44)/2049832) + -8 + (-348)/(-44).
3, 53, 293
Suppose 2*w = -5*o + 266440, -5*o - 42*w = -46*w - 266410. List the prime factors of o.
2, 3, 83, 107
Suppose -1021614 - 1026761 = 204*l - 14975039. List the prime factors of l.
2, 3, 59, 179
Let v be 7/((-14)/(-4)) + 406. Suppose -4*b - v = -6*b. Suppose 3*y = 6*y - b. List the prime factors of y.
2, 17
Let r(l) = 7*l - 99. Let h be r(-10). Let g = h + 1681. List the prime factors of g.
2, 3, 7
Let l = 1763 - -14263. What are the prime factors of l?
2, 3, 2671
Let r = -7699 - -35594. What are the prime factors of r?
5, 7, 797
Let u be 5/(-3)*18/(-10). Suppose -10*o + 5*o - 3*j = -2507, u*o - 4*j = 1481. What are the prime factors of o?
499
Suppose 3*d = -0*d + 9. Suppose -4*j + d*j = -32. What are the prime factors of (j - 1)/((-4)/(-12))?
3, 31
Let d(q) = q**2 + 18*q + 55. Let x be d(-19). Suppose 0 = -0*i - 3*i + 6. Suppose -z - 3*z + x = 2*c, i*z - 84 = -2*c. List the prime factors of c.
47
Let k(j) = 23*j**2 + 2*j - 1. Let g be k(1). Let i be (-6)/(-7) + (-121566)/21. What are the prime factors of (0 + -3)/18 - i/g?
241
Suppose -2*u - 56 = 5*b, 3*u - 9*b + 63 = -6*b. Let i(q) = -q**3 + 13*q**2 - 6*q - 3. Let h be i(6). Let m = h + u. What are the prime factors of m?
2, 5, 19
Suppose 4*z + 72708 = 4*a, 88*a + 72694 = 92*a - 2*z. What are the prime factors of a?
2, 5, 23, 79
Let i(u) = -u + 84. Let y(o) = o**3 + 10*o**2 - 12*o - 10. Let a be y(-11). Suppose -4 = -4*z, -5*s + 3*z + a - 4 = 0. List the prime factors of i(s).
2, 3, 7
Suppose -5*b - 26 - 13 = 4*j, -4*j + 16 = 0. Let p be (b + 12)/(0 - 1). What are the prime factors of -1 - (-4 - 41) - p?
3, 5
Let p = -190 - -802. Suppose 0 = -5*n + 2 + 18, -3*j + 4*n + 206 = 0. Suppose j*y - 71*y = p. List the prime factors of y.
2, 3, 17
Let m = -898 - -4106. Suppose -808 = 5*c - m. Suppose 0*a = -5*a + c. List the prime factors of a.
2, 3
Let g be ((-90)/4)/9*-2. Suppose 3*k - 154 = -g*n, 2*k - 5*n = -2*k + 252. List the prime factors of k.
2, 29
Let j(y) = -4*y**2 - y - 6. Let q(n) = n**2 + n - 1. Let b(g) = -j(g) + 4*q(g). Suppose -10 = 4*k - 2*v, 0*k + 3*k - 3*v = -9. List the prime factors of b(k).
2, 3
Suppose -5*n = n + 522. Let h = 88 + n. List the prime factors of ((-150)/4)/(h/20*-3).
2, 5
Suppose 309*a + 236390 = -230*a + 616*a. What are the prime factors of a?
2, 5, 307
Suppose -b = 3*k - 5*b - 332, 4*k = -2*b + 428. Suppose 0 = -3*j + k + 54. Suppose 5*u - j = -19. What are the prime factors of u?
7
Let o(i) = -2*i**3 + 18*i**2 + i - 15. Let t be o(9). Let r(x) = 11*x**2 + 6*x + 4. List the prime factors of r(t).
2, 7, 13
Suppose 33*s = 142*s - 495405. What are the prime factors of s?
3, 5, 101
Let z be 9*(-5 - (-215)/15) - 0. Let s = 829 + z. List the prime factors of s.
11, 83
Let h(o) = o**3 + 14*o - 42. Let q be h(4). List the prime factors of ((-748)/(-136))/(1/q).
3, 11, 13
Suppose -v + 2*v - 8 = 0. Suppose t + 2*w = 4, -4*t = -3*w + 3 - v. Suppose -304 = -4*k + 5*n, -n + 151 = t*k - 1. List the prime factors of k.
2, 19
Let o = 91 - 89. Let m(g) = -9 + 15*g + 9*g**o + 3 + 10*g - 6. List the prime factors of m(-5).
2, 11
Let h(f) = -182*f**3 - f**2 + f + 1. Suppose -1 = -4*a + 5*a. List the prime factors of h(a).
181
Let b(l) = 109*l - 1503. What are the prime factors of b(47)?
2, 5, 181
Let i = 17441 - 9091. List the prime factors of i.
2, 5, 167
Let d = 446 + -448. What are the prime factors of 1/d*-6*138?
2, 3, 23
Let a = 328 - 399. What are the prime factors of 1*(-2202)/(-8) - a/(-284)?
5, 11
Let c be (-2 - -2) + 854 + 3. Suppose -3*x = -37*x + 170. Suppose m = -x*v + 1440, c = 2*v + v + 2*m. List the prime factors of v.
17
Let w = -211 - -503. Suppose 0*y - 3*y = -4*y. Suppose -4*u + 379 = u + 2*v, y = -4*u + 4*v + w. What are the prime factors of u?
3, 5
Let j(u) = 5236*u - 267. What are the prime factors of j(3)?
3, 5147
Let o(u) = 3 + 65*u**3 + 3*u**2 + 6*u - 48*u**3 - 199*u**3. List the prime factors of o(-1).
2, 7, 13
Let n(u) = -31*u**3 - 19*u**2 + 4*u + 9. Let v(f) = 16*f**3 + 9*f**2 - 3*f - 5. Let b(d) = 2*n(d) + 5*v(d). What are the prime factors of b(3)?
521
Let o(v) = -v - 36. Let j be o(11). Let d = 49 + j. Suppose -7*z + 1045 = -d*z. List the prime factors of z.
11, 19
Suppose 10*b = 25*b - 4395. Let m = 512 - b. What are the prime factors of 